 hundreds digit of 3157695396?
3
What is the thousands digit of 1124377659?
7
What is the hundred thousands digit of 572619660?
6
What is the ten millions digit of 4212747619?
1
What is the hundred millions digit of 168184353?
1
What is the millions digit of 5038984488?
8
What is the units digit of 63178512?
2
What is the tens digit of 286556380?
8
What is the tens digit of 592399793?
9
What is the ten millions digit of 3109781351?
0
What is the thousands digit of 65158210?
8
What is the ten thousands digit of 65705414?
0
What is the tens digit of 56161376?
7
What is the hundreds digit of 52393109?
1
What is the hundreds digit of 84838339?
3
What is the hundreds digit of 172584297?
2
What is the ten millions digit of 135709096?
3
What is the ten millions digit of 36899692?
3
What is the hundred thousands digit of 186953715?
9
What is the thousands digit of 1930922489?
2
What is the thousands digit of 113786977?
6
What is the billions digit of 1615224564?
1
What is the units digit of 275438608?
8
What is the millions digit of 414330197?
4
What is the hundred thousands digit of 693997231?
9
What is the units digit of 80367955?
5
What is the hundred thousands digit of 5576434?
5
What is the ten thousands digit of 618240562?
4
What is the thousands digit of 28338699?
8
What is the hundreds digit of 53330998?
9
What is the tens digit of 2870227674?
7
What is the thousands digit of 3180175401?
5
What is the units digit of 1156066945?
5
What is the ten millions digit of 557246801?
5
What is the ten thousands digit of 3248568?
4
What is the hundred millions digit of 107615157?
1
What is the hundred millions digit of 243369965?
2
What is the ten thousands digit of 7331289?
3
What is the millions digit of 2546811163?
6
What is the ten thousands digit of 818515748?
1
What is the tens digit of 130204513?
1
What is the ten millions digit of 41462933?
4
What is the millions digit of 816028659?
6
What is the ten millions digit of 51852190?
5
What is the ten millions digit of 49905642?
4
What is the ten millions digit of 188937296?
8
What is the thousands digit of 105682322?
2
What is the hundred millions digit of 466383993?
4
What is the millions digit of 1106218711?
6
What is the ten thousands digit of 1127242?
2
What is the millions digit of 10921051?
0
What is the hundred thousands digit of 415095330?
0
What is the hundred thousands digit of 41558084?
5
What is the hundred thousands digit of 55026686?
0
What is the hundred thousands digit of 24894515?
8
What is the millions digit of 1437300924?
7
What is the ten thousands digit of 38834?
3
What is the hundred thousands digit of 32630909?
6
What is the hundred millions digit of 133307970?
1
What is the ten thousands digit of 15240064?
4
What is the hundred thousands digit of 2786359?
7
What is the tens digit of 164144446?
4
What is the hundred thousands digit of 105255107?
2
What is the ten thousands digit of 169635153?
3
What is the hundred millions digit of 933440779?
9
What is the thousands digit of 929716308?
6
What is the units digit of 136342592?
2
What is the hundred thousands digit of 1617258459?
2
What is the units digit of 66273049?
9
What is the ten thousands digit of 1699502097?
0
What is the hundreds digit of 46260099?
0
What is the billions digit of 1043452060?
1
What is the millions digit of 927757160?
7
What is the hundred thousands digit of 72998978?
9
What is the hundred thousands digit of 248571403?
5
What is the thousands digit of 89912793?
2
What is the tens digit of 47999274?
7
What is the tens digit of 27895223?
2
What is the thousands digit of 62681620?
1
What is the hundred thousands digit of 684400583?
4
What is the ten millions digit of 326204956?
2
What is the thousands digit of 53378859?
8
What is the ten thousands digit of 58352417?
5
What is the hundreds digit of 55647898?
8
What is the tens digit of 393349965?
6
What is the ten millions digit of 4084838538?
8
What is the ten thousands digit of 803453315?
5
What is the millions digit of 808763523?
8
What is the billions digit of 1056854947?
1
What is the ten millions digit of 47587839?
4
What is the ten thousands digit of 5191467676?
6
What is the hundreds digit of 27514301?
3
What is the hundreds digit of 16899539?
5
What is the thousands digit of 32903584?
3
What is the units digit of 21373697?
7
What is the hundred millions digit of 1132109941?
1
What is the units digit of 38679444?
4
What is the thousands digit of 2965174784?
4
What is the hundreds digit of 2777086837?
8
What is the thousands digit of 96649122?
9
What is the hundreds digit of 1529028125?
1
What is the thousands digit of 8032321?
2
What is the units digit of 43237866?
6
What is the ten millions digit of 85811726?
8
What is the tens digit of 240600378?
7
What is the thousands digit of 57443733?
3
What is the hundred thousands digit of 5606778321?
7
What is the units digit of 129203716?
6
What is the ten thousands digit of 4503909409?
0
What is the hundreds digit of 30365184?
1
What is the thousands digit of 74342024?
2
What is the thousands digit of 118724657?
4
What is the hundreds digit of 135068237?
2
What is the tens digit of 589596913?
1
What is the hundred thousands digit of 17384668?
3
What is the ten thousands digit of 66086844?
8
What is the tens digit of 5437363?
6
What is the millions digit of 173528342?
3
What is the hundreds digit of 861592504?
5
What is the units digit of 16568737?
7
What is the tens digit of 51310666?
6
What is the units digit of 1709070808?
8
What is the hundred millions digit of 216130418?
2
What is the ten millions digit of 898290574?
9
What is the ten thousands digit of 1642283677?
8
What is the hundred thousands digit of 593959322?
9
What is the ten thousands digit of 29209901?
0
What is the ten thousands digit of 121736728?
3
What is the hundred thousands digit of 8559876?
5
What is the hundreds digit of 117845919?
9
What is the hundred millions digit of 1695259863?
6
What is the hundred millions digit of 1208442033?
2
What is the tens digit of 1015562662?
6
What is the billions digit of 1987049471?
1
What is the ten thousands digit of 57368197?
6
What is the thousands digit of 236844061?
4
What is the hundreds digit of 227203961?
9
What is the hundreds digit of 203849035?
0
What is the tens digit of 25135078?
7
What is the tens digit of 110001580?
8
What is the ten thousands digit of 215598276?
9
What is the tens digit of 239564687?
8
What is the hundred thousands digit of 312260672?
2
What is the millions digit of 3616332039?
6
What is the millions digit of 66561657?
6
What is the millions digit of 6998850?
6
What is the millions digit of 357863785?
7
What is the tens digit of 1461812210?
1
What is the hundred thousands digit of 498935565?
9
What is the thousands digit of 4087783604?
3
What is the tens digit of 19866680?
8
What is the hundreds digit of 984594943?
9
What is the hundreds digit of 115240253?
2
What is the ten millions digit of 277109418?
7
What is the tens digit of 33731319?
1
What is the hundreds digit of 59734357?
3
What is the hundred thousands digit of 12578481?
5
What is the hundred millions digit of 219916910?
2
What is the ten millions digit of 111217572?
1
What is the hundred thousands digit of 724860436?
8
What is the hundred thousands digit of 1376898711?
8
What is the ten thousands digit of 2519331723?
3
What is the hundreds digit of 56995834?
8
What is the ten millions digit of 132839981?
3
What is the thousands digit of 75171062?
1
What is the hundreds digit of 1829348765?
7
What is the tens digit of 379075165?
6
What is the ten thousands digit of 18921869?
2
What is the units digit of 6125586?
6
What is the tens digit of 1953280292?
9
What is the ten millions digit of 121793676?
2
What is the tens digit of 5218224495?
9
What is the hundred thousands digit of 8048887652?
8
What is the hundred thousands digit of 42755973?
7
What is the units digit of 7708766?
6
What is the thousands digit of 61852?
1
What is the hundreds digit of 1548778021?
0
What is the ten millions digit of 257684183?
5
What is the ten millions digit of 29992673?
2
What is the ten millions digit of 80867508?
8
What is the millions digit of 47777219?
7
What is the hundred thousands digit of 110676619?
6
What is the ten